 v?
1
Suppose 17*s = 100*s + 8*s - 9555. Let i(w) = -w**3 + 4*w**2 + 5*w + 1. Let l = -4 - -8. Let f be i(l). What is the highest common divisor of s and f?
21
Let f(h) = h**2 + 176. Let y be f(0). Suppose -d = -5*d - 4*d. Suppose 3*k + 5*c = 73, d*k + 4*k = -4*c + 84. Calculate the greatest common divisor of y and k.
16
Let z be 51/(-68) + 1941/12. Calculate the greatest common factor of 92 and z.
23
Let u = -37 + 43. What is the greatest common factor of u and 150?
6
Suppose 0 = -4*y + 2*y + 38. Suppose y + 41 = 5*d. Suppose 4*t - t + d = 0, -28 = -p + t. What is the greatest common factor of 6 and p?
6
Suppose -29 = 4*f + f - w, 0 = -3*f + 3*w - 15. Let a(q) = -3*q - 4. Let p be a(f). Let c = 10 - -4. What is the highest common divisor of c and p?
14
Let b be 1*(-12)/10*5/(-3). Suppose -270 = -r - b*a, -2*a - 336 = -5*r + 990. Calculate the highest common factor of r and 38.
38
Suppose -r + 21 = 2*r. Let i = -1 + r. Suppose -4*b = 4*p + p - 43, -5*b = p - 59. Calculate the highest common factor of i and b.
6
Let d be (-3)/(-6)*(-6 + -7 + 49). Calculate the greatest common divisor of 207 and d.
9
Let y = 445 - 301. Calculate the greatest common factor of y and 32.
16
Let n be (-60 - -10)*(-6)/(6 + -3). What is the highest common factor of n and 20?
20
Let t = -2353 - -2371. Suppose 3*z = -4 + 58. What is the highest common factor of t and z?
18
Let o(c) be the second derivative of -c**5/20 + 3*c**4/4 - c**3 - 15*c**2/2 + c. Let h be o(8). What is the greatest common divisor of 8 and h?
1
Suppose 5*m - 15 = 0, 5*v - 3*m + 125 = 6. Let r = v + 30. Let l = -22 - -54. Calculate the greatest common factor of r and l.
8
Suppose -5*w + 243 = -2*u - 166, 5*u = w - 68. What is the greatest common factor of 83 and w?
83
Suppose 180*n - 188*n = -112. Calculate the highest common factor of 1071 and n.
7
Let m = 1335 + -1255. Calculate the greatest common factor of 760 and m.
40
Let c = 38 - 26. Calculate the highest common divisor of 1086 and c.
6
Let d be 2 - (32/(-4) + 4). What is the highest common factor of d and 21?
3
Suppose -32*r = 53*r - 11050. Calculate the highest common factor of 39 and r.
13
Let z(j) be the second derivative of j**5/20 + 11*j**4/12 + j**3 - 5*j**2/2 - 12*j. Let c be z(-10). Calculate the greatest common factor of 385 and c.
35
Let f be (0/(4/(-1)))/1. Suppose -3*b = -f*b - 9. Let j(u) = 2*u**2 + u + 1. Let q be j(-1). Calculate the greatest common factor of q and b.
1
Suppose 4*k = h + 1249, 4*k + 10 = 5*h + 1263. Suppose 4*p = -5*s + k, -2*s - 3*s + 2*p = -294. Calculate the greatest common divisor of s and 12.
12
Let b = 5 + 36. Let t be (b - 11)*(-1)/2. Let u be 3*2/(-18)*t. What is the highest common factor of u and 20?
5
Let x(h) = 3*h + 8. Let o be x(5). Suppose -o = -4*p + 409. Suppose y - 24 = -y. Calculate the highest common divisor of p and y.
12
Suppose 5 = n - 35. Suppose -3*f - 2 = -5*f, -5*f = 4*x - 21. Suppose -x*r + 0*r + 24 = -4*a, a = -3*r + 14. Calculate the highest common divisor of r and n.
5
Suppose -26 = -2*h + 4*j + 8, -j - 4 = 0. Calculate the greatest common factor of 303 and h.
3
Suppose -105 = -6*w + 3*w + 5*u, -w - 3*u + 35 = 0. Let j be 1 - (-67 - (-2 - -4)). What is the greatest common factor of w and j?
35
Let c = -120 - -318. Let s(b) = b**3 - 7*b**2 - 2*b - 1. Let a be s(7). Let j = a + 33. Calculate the highest common divisor of c and j.
18
Let u be (-129)/(-9) + (-2)/6. Suppose 4*n + 0*n = 12. Suppose -n*q + q = -u. Calculate the greatest common divisor of 49 and q.
7
Let g = -10 + 20. Let a be g - 12/4 - -2. Suppose 0 = -2*u - 3*b + b + 44, 0 = 4*b - 16. What is the greatest common divisor of a and u?
9
Suppose -25*w + 26*w - 13 = 0. Let i = 273 + -111. Let z be (-26)/w + 1 + i. What is the highest common factor of z and 23?
23
Let o be 8/(-4*3/(-54)). Let v be ((-264)/55 - -4)*-5*27. What is the greatest common divisor of v and o?
36
Suppose 5*d + 3*w = -249, 3*w = 4*d - w + 180. Let z = d - -85. What is the greatest common factor of z and 111?
37
Suppose 2*j + 0 = 6. Let y = -920 - -923. Calculate the greatest common factor of j and y.
3
Suppose -35 = 4*r - 935. Calculate the greatest common factor of r and 50.
25
Suppose 4*y + x - 24 = 5*x, -3*x - 12 = -2*y. Let m = -120 - -260. Let w = m - 98. What is the greatest common factor of w and y?
6
Let y(t) = -t**2 - 18*t - 60. Let k be y(-10). Let v = -7 - -11. Calculate the highest common divisor of v and k.
4
Let b(p) = -24*p + 156. Let v be b(6). What is the greatest common factor of v and 4?
4
Suppose 3*b - 6 = -3. Let m be 3/(-6) + 81/18. Suppose p + 119 = m*t, b = 5*p - 4. What is the highest common factor of t and 20?
10
Let m(y) = 2*y + 56. Suppose 0*r - 115 = 5*g - 5*r, 0 = -2*r - 6. Let w be m(g). What is the greatest common factor of 68 and w?
4
Suppose v = 6*v - 2*w - 1051, 427 = 2*v - 3*w. Calculate the greatest common factor of v and 19.
19
Suppose -29 = 2*l - 3*l. What is the greatest common factor of 377 and l?
29
Let j(p) = -2*p - 23. Let v be j(-14). Suppose -4*c - 133 = -v*w, -3*w - 81 = -6*w + 3*c. Calculate the highest common divisor of 275 and w.
25
Suppose 13*s = 12*s + 318. What is the greatest common factor of s and 6?
6
Suppose 0 = -c + p + 119, 575 - 7 = 5*c + 4*p. Let g(o) = 2*o**3 + 66*o**2 - 69*o - 5. Let i be g(-34). Calculate the greatest common factor of i and c.
29
Let d(w) = w**2 + 6*w - 7. Let q be 4 - 2 - (4 + 7). Let b be d(q). What is the highest common factor of b and 8?
4
Suppose 16*x - 2797 - 3 = 0. What is the highest common divisor of x and 105?
35
Let y = 321 + 498. What is the highest common divisor of 91 and y?
91
Suppose l - 39 = -5*a, 0 = -5*l - 4*a + 124 + 92. What is the highest common divisor of l and 396?
44
Let d = 100 - 96. Suppose 6*p - p = 220. What is the highest common factor of p and d?
4
Suppose 0 = 5*v - v + 4, -2*k + 3*v + 13 = 0. Suppose 13 = 4*l - k*r + 2*r, 0 = -4*r + 4. What is the greatest common divisor of 2 and l?
2
Let k(w) = 84*w**2 - w - 1. Let b be k(-1). Let f = -137 + 81. Let j be (0 + (0 - f))*9/18. What is the greatest common divisor of b and j?
28
Let s be (-24 + -3)/(-1) - -2. Suppose -b = -s - 75. Let r = -10 - -23. What is the greatest common divisor of b and r?
13
Let s(w) = 41*w**3 + w**2 - 2*w - 2. Let v be s(-1). Let p = v + 65. Calculate the highest common factor of 75 and p.
25
Let s be 4*(-1)/(-12)*24. Let a(b) = 3*b - 12. Let h be a(s). Let i(l) = 2*l**2 - 8*l + 6. Let j be i(6). What is the greatest common factor of h and j?
6
Suppose -8 = j - t, 2*j + 4*t + 31 + 9 = 0. Let s be (-2)/4 + (-18)/j. Let w be s/(2/(-3 - -31)). Calculate the greatest common factor of w and 2.
2
Suppose 2*l = -2*f + 875 - 137, 1481 = 4*f + 5*l. Calculate the highest common divisor of f and 28.
28
Suppose 0 = -3*j + 2*f + 18, -3*f + 24 = 4*j - 0*f. Let a = 115 + -94. What is the greatest common divisor of a and j?
3
Let b(u) = -5*u + 24. Let s(i) = -1. Let y(a) = b(a) + s(a). Let z be y(3). Calculate the highest common divisor of z and 56.
8
Suppose 224*n + 900 = 236*n. Suppose 2*u - 5 = 25. Calculate the highest common factor of u and n.
15
Suppose 0 = 32*s - 69*s + 481. What is the greatest common divisor of 5 and s?
1
Suppose 23 = 3*n + z, n + 5*z - 49 = -3*n. Let c(d) = d**2 - 2*d - 5. Let j be c(n). Calculate the highest common factor of 95 and j.
19
Suppose -11 = -2*n - r, -10*r = 4*n - 5*r - 25. Calculate the greatest common factor of n and 120.
5
Let b be ((-4)/(-7))/(0 - 2/7). Let r(w) be the first derivative of 8*w**3/3 - 2*w - 1. Let v be r(b). Calculate the greatest common divisor of 270 and v.
30
Suppose 3*i = 2*g + 48, g = 3*i + 5*g - 66. Let n be (-6)/(-21) + (-38)/(-14). Let y be 12/(2 + (n - 4)). Calculate the greatest common divisor of y and i.
6
Suppose 8546 = 110*d + 4806. Suppose -3*k - 9 = 0, -2*k - 2*k = -5*h + 1202. What is the greatest common factor of h and d?
34
Let q(m) = 10*m - 328. Let j be q(40). What is the greatest common divisor of j and 228?
12
Let w be 3 + 0 - (-44 + 16). Calculate the highest common divisor of 1457 and w.
31
Suppose -v = -4*l - 257, -3*v + 571 = l - 213. Suppose 5*w - 24 = 121. Calculate the highest common factor of w and v.
29
Let u be 1/14 + (-513)/(-266). What is the highest common divisor of 58 and u?
2
Let f be 